e factors of i.
11, 13
Let c(p) = -120*p**3 - p**2 + 15*p + 128. What are the prime factors of c(-6)?
2, 13, 997
Suppose 4*i - 7121 = 5*w, -i + 6*i - 2*w - 8880 = 0. List the prime factors of i.
2, 887
Let b = -67 - -71. Suppose -f + b = 0, 0 = -0*c - 4*c - 3*f + 732. What are the prime factors of c?
2, 3, 5
Let k = -237 - -423. Suppose 2*v - k = -5*l, -l = v - 22 - 68. List the prime factors of v.
2, 11
Let r = 5 - 2. Suppose -r*d - 55 = -5*c, 0 = 5*c - 5*d + d - 50. Let x = 14 + c. List the prime factors of x.
2, 7
Suppose 6*w + 3153 = -4*z + w, -3*w + 1593 = -2*z. Let u = z + 529. Let c = u + 522. List the prime factors of c.
7, 37
Suppose -10 = -7*x + 2*x, 0 = -5*m - 4*x + 28. Suppose -4*h + 1980 = -2*u, -1992 = -4*h - 0*u - m*u. List the prime factors of h.
2, 31
Let t(s) be the first derivative of -91*s**2/2 + 16*s + 92. What are the prime factors of t(-5)?
3, 157
Let t(l) = 918*l - 97. List the prime factors of t(12).
61, 179
Let y = 106823 + -62754. What are the prime factors of y?
127, 347
Let y(v) = -264*v + 13. Let k be y(-5). Suppose 0 = 4*z - 5*x - k, 15*z = 12*z + 4*x + 1000. What are the prime factors of z?
2, 83
Let r = 61291 - 33047. List the prime factors of r.
2, 23, 307
Let j(z) = z**2 + 5*z + 1. Let o be j(-5). Suppose 3 = -2*n + 2*v + o, -3*n = -2*v. What are the prime factors of n/(-3) + (-1149)/(-9)?
127
Let f = 521 + 3534. What are the prime factors of f?
5, 811
Suppose 5*b - 83 = -13. Let l be (1/(-2) + 3)/((-40)/(-32)). Suppose l*v = b*v - 2376. What are the prime factors of v?
2, 3, 11
Let p(v) = v**3 - 4*v**2 + 2*v + 5. Let y be p(3). Suppose -5*r - 820 = -y*b, -8*r = -6*r + 4. List the prime factors of b.
3, 5
Suppose -14*l = 3*v - 11*l - 24279, -3*l - 15 = 0. What are the prime factors of v?
2, 4049
Suppose -l = 4, -2*l - 8 = -3*u + 12. List the prime factors of u + 1 + (-6030)/(-15).
11, 37
Let y(f) be the second derivative of -11*f**4/12 + 19*f**2 - 6*f. Let b(i) = -7*i**2 + 25. Let o(r) = -8*b(r) + 5*y(r). What are the prime factors of o(-5)?
3, 5
Let f = -1195 + 2058. Let s = 1457 - f. What are the prime factors of s?
2, 3, 11
Suppose -7*g - 206 = 228. Let h be (g/(-4))/(4/(-8)). Let i = 30 - h. List the prime factors of i.
61
Let w = 25 + -29. Let j be 238/56 - (-1)/w. Suppose 0*m + 32 = j*m. What are the prime factors of m?
2
List the prime factors of (-37)/(-8*(-3)/(-16392)).
37, 683
Let l = -26141 - -44935. List the prime factors of l.
2, 9397
Let c(k) = 5*k**3 + 4*k**2 - 3*k. Let y be c(3). Let j(m) = 7*m + 114. Let t be j(-16). Suppose -w + t*w = y. What are the prime factors of w?
2, 3
Let r(s) = 630*s - 781. List the prime factors of r(13).
31, 239
Let i(c) = 96*c**2 - 76*c - 380. List the prime factors of i(-5).
2, 3, 5
Let o(t) = -2*t**3 + 38*t**2 + 13*t - 23. Let q be o(19). Let d = q + -91. List the prime factors of d.
7, 19
Suppose 3*s = 4*j - 43, 3*s + s = j - 27. Suppose j = 2*h + 31. Let w(y) = -y**2 - 25*y - 10. What are the prime factors of w(h)?
2, 73
Suppose 0 = -10*x + x + 234. Let a = x - 22. Suppose -a*u = -2*u - 152. List the prime factors of u.
2, 19
Let j = 195 - 191. List the prime factors of ((-5307)/(-6))/29 - 2/j.
2, 3, 5
Let t = 5602 + 14242. What are the prime factors of t?
2, 11, 41
Let h = -22508 + 40026. What are the prime factors of h?
2, 19, 461
Suppose -4*n - 188 = 5*u, 76*n - 78*n - 108 = -u. Let p be 2/(-4)*-2*83. Let s = p - n. List the prime factors of s.
3, 5
List the prime factors of ((-2)/(-8)*-17788)/(-1).
4447
Suppose -4*m + 16 = 2*k, 0 = -2*k + k + m + 2. Suppose -j - 309 = -2*z, 0*z = -3*z - k*j + 480. What are the prime factors of z?
2, 3, 13
What are the prime factors of 55/(-22)*1813752/(-90)?
2, 3, 311
Suppose -f + 5*f + 2*m = -402, 4*f + 3*m + 401 = 0. What are the prime factors of (-1)/(-1 + 2)*(-10 + f)?
3, 37
Let x(r) = -23*r**3 - 25*r**2 - 10*r - 38. List the prime factors of x(-7).
2, 3, 31
Let r(q) = q**3 - 9*q**2 - 70*q + 5. Let f be r(14). Suppose 93 = 2*j + 5*s, -3*j + 3*s = -f*j + 95. List the prime factors of j.
7
Let m(q) = q**2 + 10*q - 5. Let p be m(-10). Let t(c) = 10*c - 6. Let a be t(-1). List the prime factors of (a/6 - (3 + p))*-48.
2
Suppose -3*i + 21220 = -18935. Suppose 17*o - i = -3627. List the prime factors of o.
2, 7, 41
Let q = -48 - -56. Let m be (-2)/q + (718/(-8) - 2). Let a = 52 - m. List the prime factors of a.
2, 3
Let m(f) = -f**2 - 10*f + 96. Let u be m(0). Let j = 16 + u. What are the prime factors of j?
2, 7
Suppose -j + k + 67109 = 0, 16*j - 4*k + 134194 = 18*j. List the prime factors of j.
5, 13421
Suppose -11 + 10 = -l. Let u be (-2 + -1)/(l/3). List the prime factors of 2 + (-6)/u + (-517)/(-3).
5, 7
Let h be -4 + 0 + 2640/(-4) + 1. Let d = h - -1013. List the prime factors of d.
2, 5, 7
Suppose -9 = t, -62*r + 3*t = -66*r + 180353. List the prime factors of r.
5, 29, 311
Let t = 40 + -92. Let f = 123 + t. What are the prime factors of f?
71
Suppose -7*s + 34 = -5*s. Suppose 0 = -3*z + s - 83. List the prime factors of z/(-3)*12/2.
2, 11
Suppose -14*n + 530880 = -305816. List the prime factors of n.
2, 67, 223
Let d = 150 + -144. List the prime factors of 206 - 4/d*3.
2, 3, 17
Let n be ((-23)/46)/(2/212)*1. Let g = n + 159. Suppose 0 = t - 2*l - 276, 3*t - 722 = -4*l + g. What are the prime factors of t?
2, 3, 23
Suppose -1550 = -2*y - 3*y. Suppose d - 65 = -5*n, 5*d - 5*n = d + y. Let h = d + -38. List the prime factors of h.
37
Let f(q) = -q**3 + 25*q**2 - 25*q + 30. Let p be f(24). Suppose -5*j - t = -p*t - 1510, 3*j - 914 = -5*t. What are the prime factors of j?
3, 101
Suppose 12*j - 10*j - 74 = 0. Suppose -5*k = j + 23. List the prime factors of (1970/k)/(-5) + (-26)/(-156).
3, 11
Let u(i) = -5*i**3 + 10*i**2 + 73*i + 1154. List the prime factors of u(-25).
2, 10463
Let z(h) = 380*h**2 - 8*h + 2. Let i be z(2). What are the prime factors of 4*(-2)/((-16)/i)?
3, 251
Let a(g) = -5*g + 21. Let o be 5/(-8 - 2)*22. Let k be a(o). Suppose 2*c - k = -2*c. List the prime factors of c.
19
Let j(x) = 24*x - 59. Let c be j(10). Suppose -n = -2*t - c, -121 = 5*n - t - 1071. Let r = 343 - n. What are the prime factors of r?
2, 19
Let p(w) = -12*w - 44. Let r be p(-5). Let d = r - -127. List the prime factors of d.
11, 13
Let w(a) = -a**2 - 5*a + 18. Let g be w(-11). Let m = g + 122. List the prime factors of -1 + 2 + m + 2.
7, 11
Let r(g) = g**3 - 2*g**2 - 4*g - 1. Let n be r(-1). Suppose 4*x + 2*b - 3590 = 0, n*b = 5*x - 2*b - 4510. What are the prime factors of x?
2, 3, 5
Let x(i) = -44*i + 1664. Let z be x(0). Suppose 0 = -3*b + s + z + 944, 5*s = -b + 848. What are the prime factors of b?
2, 7, 31
What are the prime factors of 14195 - (44/14 - 3 - 1806/294)?
11, 1291
Let i = -28 - -12. What are the prime factors of 1/4 - 3932/i?
2, 3, 41
Let a(m) = -16*m - 18. Let u = -28 - -24. Let w be 58/(-8) + u/(-48)*3. List the prime factors of a(w).
2, 47
Suppose -2*l = -10, 4*s + 349*l = 355*l + 182386. List the prime factors of s.
2, 13, 877
Let l(o) = -77*o - 121. Let x be l(-6). Let i = 304 + x. What are the prime factors of i?
3, 5, 43
Let j(w) = -53*w**3 + 3*w**2 + 52*w + 220. List the prime factors of j(-4).
2, 863
Let c(x) = -12*x + 58. Let u be c(6). What are the prime factors of (-3412)/u + 16/56?
2, 61
Let k(h) = 6675*h - 81. What are the prime factors of k(2)?
3, 4423
Suppose 17*r - 280 = -25. List the prime factors of (-8818)/(-10) + 3/r.
2, 3, 7
Let q(r) = 15*r**2 - 6*r - 34. Let j be q(-7). Suppose -n = -5*y - j, -5*n + 2435 = y - 1358. List the prime factors of n.
2, 379
Let r = -28 - -30. Suppose -2*t = -r*m + 2*t + 110, 2*t = -2*m + 134. Suppose -5*z + 6*z = m. What are the prime factors of z?
3, 7
Suppose -24*x = -3*x - 462. Suppose -x*z + 17*z = -2170. What are the prime factors of z?
2, 7, 31
Let w = -11 - -21. Let h be (-30)/w + (1 + -2)*-101. Let p = 153 - h. List the prime factors of p.
5, 11
Suppose 4*z + 0*z = -12. Let w be (402 - 402) + 0 + -1 + (-4 - -1). List the prime factors of (w/z)/((-2)/(-39)).
2, 13
Suppose 4*j + 3*j = 14. Let c be (-2 - (-6)/j) + (-2247)/(-3). Suppose 11*w = w + c. List the prime factors of w.
3, 5
Let f = 124 - -6. Suppose -158 = -12*s + f. What are the prime factors of s?
2, 3
Let o(z) = -621*z + 8798. What are the prime factors of o(-55)?
42953
Let q(i) be the first der